 = 0, 5*d - 42*h = -46*h + 48805. List the prime factors of d.
3, 5, 7, 31
Let q(g) = -g**3 + 3*g**2 - 2. Let f be q(2). Suppose s = -f*t + 2, t = 5*s - 0 + 1. List the prime factors of 147 + 5 + 2 - s.
2, 7, 11
Let a = 4704 + -1751. List the prime factors of a.
2953
Let j(y) be the second derivative of 1/2*y**2 + 0 + 17/20*y**5 - 7*y - 1/3*y**3 + 1/12*y**4. What are the prime factors of j(1)?
17
Let y = 5773 - 3713. Let x be 2/4*566352/162. Suppose 17*f - x - y = 0. List the prime factors of f.
2, 7
Let w(y) = 27*y**2 + 26*y. What are the prime factors of w(10)?
2, 5, 37
Let n = -27241 - -89324. What are the prime factors of n?
7, 181
Suppose 50*f = 122*f - 1072728. List the prime factors of f.
47, 317
Let k = -775 - -1369. Let r = -386 + k. List the prime factors of r.
2, 13
Suppose 21*r - 24275 + 8042 = 0. Let d = r - 365. List the prime factors of d.
2, 3, 17
Suppose g - 4 = -2, -8 = -4*k - 4*g. Suppose k*m = -m + 2. Suppose -4*d + 28 = -m*d. List the prime factors of d.
2, 7
Suppose -265769 + 6598895 = 129*x. What are the prime factors of x?
2, 24547
Let d(h) be the third derivative of h**5/60 - h**3 + 10*h**2. Let p be d(0). What are the prime factors of 1/((-84)/(-124) + p/9)?
3, 31
Let l(g) = g**3 - 21*g**2 - 16*g - 10. Let h be l(20). What are the prime factors of -10*h*(294/(-75) - -4)?
2, 73
Let c(n) = -3868*n - 10010. What are the prime factors of c(-10)?
2, 5, 47, 61
Let d(q) = 5128*q - 286. List the prime factors of d(3).
2, 7549
Let m be (10 + -1 + 0)/((-141)/94). Let l be 10 + -2*(-1)/(-1). What are the prime factors of (-1089)/m*l/12?
11
Let m = 94749 + -65019. List the prime factors of m.
2, 3, 5, 991
Let x = -11 - -198. Let c = 280 - x. What are the prime factors of c?
3, 31
Suppose 12*t + 8419 = -16*t + 573207. What are the prime factors of t?
23, 877
Suppose -5*k + 15*b = 13*b - 42173, 4*k = -5*b + 33712. List the prime factors of k.
3, 937
Let b(w) = -w - 4. Let o be b(-13). Suppose -o*d + 5*d = -1236. List the prime factors of d.
3, 103
Suppose 0*h - 3*t = 4*h - 4887, -5*t = -4*h + 4847. Suppose 2*r - s = 823, 3*r = -4*s - 0*s + h. List the prime factors of r.
2, 5, 41
Suppose 174 = 6*j - 3*j. Let z = 4 - j. Let m = z + 109. List the prime factors of m.
5, 11
List the prime factors of -1 + 6 + (26645 + -30)/5.
2, 3, 37
Let l(b) = b**3 + 3*b**2 - 10*b - 19. Let o be l(-4). Suppose -5*m = -o*q - 3*m + 1150, q = 2*m + 230. What are the prime factors of q?
2, 5, 23
Let k be (-2)/(-7) - -804*(-12)/(-42). Suppose -k + 895 = 5*h. List the prime factors of h.
7, 19
Let u be 27/(-3)*(3 + (-40)/12). Let g be (u*1)/((-45)/(-6810)). Suppose -5*z + 4 - 14 = 0, -5*z = -4*d + g. List the prime factors of d.
3, 37
Let i = 159160 + -113413. List the prime factors of i.
3, 13, 17, 23
Let s = -5586 + 9220. List the prime factors of s.
2, 23, 79
Let w(a) = 2123*a - 36. List the prime factors of w(4).
2, 7, 151
Suppose -22419 = -4*m + 7529. What are the prime factors of m?
7487
Suppose 36*i - 32*i = -4036. Let p = i - -1912. What are the prime factors of p?
3, 7, 43
Let q(a) be the second derivative of a**4/3 + 3*a**3 + 22*a**2 - 2*a + 47. List the prime factors of q(-8).
2, 3, 13
Suppose -4*l - 3 = -2*m + 1, -4*l - 4 = m. Let t(j) = -4*j - 6. Let a be t(m). Let q(z) = -z**3 - 2*z**2 - 11*z - 14. What are the prime factors of q(a)?
2, 7
Let i(t) = 7*t**3 + 3*t**2 + 18*t - 104. What are the prime factors of i(11)?
2, 3, 181
Let k(v) = -3*v + 51. Let c be k(14). Suppose c*u + 658 = r + 4*u, 2*r + 5*u = 1361. List the prime factors of r.
673
Suppose j = -3*q + 461 + 121, 5*j + 4*q - 2877 = 0. Let s = j - 409. List the prime factors of s.
2, 41
Suppose w = -a + 8, 2*a - 5*a - 18 = -3*w. Suppose -w*z + 19*z = 96. What are the prime factors of 1*2*52/z?
13
Let r(z) = 44*z - 188. Let j be r(10). Let w = j - -450. What are the prime factors of w?
2, 3, 13
Let x be (6/(-2) - 842)/(-5 + 4). Suppose -x = 3*i - 8*i. What are the prime factors of i?
13
Suppose 5*j = -4*l + 39600, 19782 = 2*l - 150*j + 148*j. What are the prime factors of l?
5, 1979
Let u = -2303 - -9225. What are the prime factors of u?
2, 3461
Let r(o) = -57*o**2 + 10*o - 2. Let f(m) = 116*m**2 - 21*m + 4. Let c(a) = -2*f(a) - 5*r(a). What are the prime factors of c(3)?
5, 7, 13
Suppose 28 = 9*l - 197. Suppose u - l = -4*t, -u = 10*t - 7*t - 19. What are the prime factors of t?
2, 3
Let v(y) = 41*y**2 - 34*y - 148. What are the prime factors of v(-18)?
2, 7, 491
Suppose 4774 = 2*i - j - 43277, 0 = 4*i + 2*j - 96130. List the prime factors of i.
24029
Let u(v) = -15*v**2 + 7*v + 25. Let t be u(9). Let q = 29 - t. List the prime factors of q.
2, 17
Suppose 3*s + s - 2845 = 3*r, s - 700 = -3*r. Let u = -387 + s. List the prime factors of u.
2, 7, 23
Let l(p) = p**3 + 7*p**2 + 8*p + 4. Let i be l(-3). Suppose x + 3*t + i = 3*x, -3*x + t + 17 = 0. Suppose 69 = x*z - 2*z. What are the prime factors of z?
23
Let x(z) = -56*z + 378. List the prime factors of x(-52).
2, 5, 7, 47
Let s(n) = -55*n**3 + 103*n**2 - 2*n + 17. List the prime factors of s(-5).
3, 13
Let v = 477 + 38. Suppose -328 = -3*p + 5*b, -5*p + b = -b - v. Let a = -17 + p. What are the prime factors of a?
2, 3, 7
Suppose 5*t = -n - 14, 5*n - 3*t - 80 = 2*t. Suppose -n*r = 11*r - 6094. What are the prime factors of r?
277
Let y = 7098 - 560. What are the prime factors of y?
2, 7, 467
Suppose -35*y = -28*y - 10892. What are the prime factors of 0 + -7 + 11 + y?
2, 3, 5, 13
Let p(r) = r**3 + 31*r**2 - 155*r + 1. List the prime factors of p(-34).
3, 601
Suppose 4*y = -32, 24*y - 29*y - 341855 = -5*l. What are the prime factors of l?
137, 499
Let j(r) = 3*r + 4. Let x be j(0). Suppose 330 = -w + x*w + 3*b, 530 = 5*w + b. Suppose 9 = -3*v, 0 = -2*f - 4*v + w + 47. What are the prime factors of f?
2, 41
Let a = 21809 + -9666. List the prime factors of a.
12143
Suppose -5*w + 3*s - 5 = 0, w - 2*w = 4*s - 22. Suppose -w*k + i - 666 = -4*i, -5*i = 2*k + 666. Let j = k + 510. What are the prime factors of j?
3, 59
Let u(b) = 4*b**2 - 11*b**2 - 7*b - 14 + 8*b**2. Let v be u(11). Let l = v + 93. List the prime factors of l.
3, 41
List the prime factors of (-153195)/(-3) - 12/8*(-4)/(-3).
3, 17021
Let c(v) = 91*v. Let o(w) = w**2 + 2*w + 1. Let b be o(-2). Let x be c(b). Suppose -2*q - 2*g + 117 = q, x = 2*q - 3*g. List the prime factors of q.
41
Suppose -2*r = 5*m - 0*m - 37, -3*r = 4*m - 45. Suppose 7*q + 3760 = r*q. What are the prime factors of q?
2, 5, 47
Suppose -60 = -4*n + 2*c, 0 = 2*n - 0*c + c - 30. Let x(l) = l**3 - 10*l**2 - 6*l - 17. Let w be x(n). What are the prime factors of (-4)/26 + (w/(-26))/(-1)?
3, 13
Let i = -8179 - -34372. What are the prime factors of i?
3, 8731
Suppose -2*r - 9*u = -5*u + 26, 3*r - 5*u - 16 = 0. What are the prime factors of (-4)/(4/r) + 1076/4?
2, 17
Let h(v) = -v**3 + 10*v**2 - 15*v - 8. Suppose 0 = -2*i + 4*i - 14. What are the prime factors of h(i)?
2, 17
Let b(h) = -18*h - 42*h - 84*h + 3. Suppose 8 = 4*s - 4*r, 2*r + 10 = -4*s - 0*s. List the prime factors of b(s).
3, 7
Let b(n) = -n**3 - 8*n**2 - 8*n - 6. Let v(x) = -x. Let j(y) = -b(y) - 2*v(y). Let d be j(-6). Suppose 6 = -t + d. What are the prime factors of t?
2, 3
What are the prime factors of (-46)/3*82521/(-106)?
3, 23, 173
Let i(j) = 2*j - 49. Let r be i(9). What are the prime factors of ((-386)/10 + (-48)/(-80))*r?
2, 19, 31
Let y = -17909 - -32732. List the prime factors of y.
3, 61
Suppose -70 + 20 = -5*i. Let q be i/(-4)*-1*(-12)/(-10). What are the prime factors of (1/1 - (-4 + q)) + 36?
2, 19
Suppose 322*w - 514220 = 128*w + 178166. List the prime factors of w.
43, 83
Suppose 3*b = -6*b + 16173. Suppose -19*d + b = -3903. List the prime factors of d.
2, 3, 5
Let l be (2023 - 1)/6 + -2. Suppose o - 51 = 5*p + 94, -2*o + l = -p. What are the prime factors of o?
2, 5, 17
Suppose 5*k - 2*k = 2*k. Let z be k - -16 - (-2 + 1). Suppose -19*n + 132 = -z*n. What are the prime factors of n?
2, 3, 11
Let r = -65890 - -97610. List the prime factors of r.
2, 5, 13, 61
Let m(n) be the second derivative of 11*n**3/6 - 21*n**2/2 + 17*n. Let b(u) = 98*u - 189. Let s(r) = -4*b(r) + 35*m(r). List the prime factors of s(-6).
3, 7
Let v = 71 + -43. Let k = 708 - 654. Let z = v + k. What are the prime factors of z?
2, 41
Suppose -4*h + 32 = -12. Su